 of d?
4
Let p(s) = s**3 - 17*s**2 + 11. Let l(t) = 2*t**2 + 10*t - 4. Let h be l(-9). Suppose h = -0*d + 4*d. What is the tens digit of p(d)?
1
Suppose 10*n = 11 + 9. Let i be (-2)/(((-18)/183)/3). Suppose n*j - i = j. What is the tens digit of j?
6
Let z = 578 - -618. What is the tens digit of z?
9
Let l(r) = -r - 1. Let y(j) = -77*j**2 - 4*j - 7. Let z(a) = 6*l(a) - y(a). What is the tens digit of z(1)?
7
Suppose -y - 192 + 3 = 0. What is the tens digit of 1/(-2 + y/(-93))?
3
Suppose m - 4*f = 9, -m + 5*f = -2*m - 9. Suppose 13 + 1 = 4*d - 5*b, 2*d = 2*b + 8. Let g = d - m. What is the units digit of g?
5
Suppose 2*o - 171 = -3*f, 0 = -3*o + 4*f - 7*f + 255. Let s = o + -22. What is the tens digit of s?
6
Let o(y) = -61*y + 32. What is the units digit of o(-10)?
2
Let l(d) = -d + 1. Let i be l(-1). Suppose 2*k + 3*s - 59 = i*s, -2*k - 2*s = -60. What is the tens digit of k?
2
Suppose -11 = -2*w + 17. Suppose -w = -a - 10. Suppose -3*r + 2*c = -59, -5*r + 156 = a*c + 43. What is the tens digit of r?
2
Suppose 5*r = -4*c + 26, c = -4 + 3. Let s be (-1 - (-9)/r)*-46. Let y = s - -48. What is the units digit of y?
5
Suppose 17*k + 5*z - 8752 = 14*k, 5*z + 14600 = 5*k. What is the thousands digit of k?
2
Let v = -1134 + 2577. What is the units digit of v?
3
Suppose -5*h = 5*v - 9880, 0 = 5*v - 13*h + 10*h - 9880. What is the hundreds digit of v?
9
Let b = 103 - 85. Let s = 197 + b. What is the tens digit of s?
1
What is the thousands digit of ((-11)/4*-103)/(20/80)?
1
Let b(m) = -5*m - 5. Let a be b(-1). Suppose 1040 = 5*d - s, a = s - 1 + 6. What is the tens digit of d?
0
Suppose 0 + 18 = -2*u. Let k = 6 + u. Let z(t) = -5*t + 2. What is the tens digit of z(k)?
1
Suppose 36*t = 34*t - 10, -3*u + 2*t + 2008 = 0. What is the hundreds digit of u?
6
Let u(v) = v**3 + 3*v**2 + 3*v + 2. Let m be u(-2). Suppose -5*c + f - 4*f - 43 = m, 3*c = -f - 25. What is the units digit of c*((-1)/4 + -2)?
8
Let d = -98 - -181. Let s = d - 42. What is the units digit of s?
1
Suppose -2*a + 7*a - 1698 = -2*z, 5*z + 1025 = 3*a. What is the tens digit of a?
4
Suppose -5*o + 61 + 119 = 0. Suppose -2*j + o = -16. Let t = 30 - j. What is the units digit of t?
4
Let a(w) = 1943*w**2 - 5*w - 4. What is the tens digit of a(-1)?
4
Let l(y) = 19*y**2 - 61*y + 187. What is the tens digit of l(3)?
7
Let x = 47 + -44. Suppose 0 = -2*o + m + 181, 2 = x*m - 7. What is the tens digit of o?
9
Let i = 18 + -15. Suppose a = i + 1. Suppose -2*x - q = -a*x + 1, -3*x + 12 = 2*q. What is the units digit of x?
2
Suppose -2*r - 6*x = -5*x - 549, -2*x - 813 = -3*r. What is the hundreds digit of r?
2
Suppose 10*l - 3*l = -1470. Let x = -117 - l. What is the tens digit of x?
9
Let d = 465 - 768. Let k = -145 - d. What is the tens digit of k?
5
Let q(y) = -9*y + 45. Let c(m) = -3*m + 15. Let p(b) = -7*c(b) + 2*q(b). What is the units digit of p(7)?
6
Suppose 4*p - 3*p - 4 = 0. Suppose 4*u = 3*g - 394, p*g = -5*u + 101 + 476. What is the units digit of g?
8
Suppose 4*g - 48 = -2*c + 106, 0 = -4*c + 4*g + 272. Let f = 106 - c. What is the tens digit of f?
3
Suppose -5*x - 4*u = -136, u = -5*x - u + 138. Suppose c + x = 3*c. What is the units digit of 3 + c + 16/(-4)?
3
Suppose 2*z - 16 = -4*q, -4*z + 2*q - 4 = -16. What is the tens digit of 5/10 - (-878)/z?
2
Let m(x) = -11*x**2 + 10*x - 65. Let k(d) = -5*d**2 + 5*d - 32. Let j(r) = -9*k(r) + 4*m(r). What is the units digit of j(4)?
4
Let d be 50/4*(-8)/(-10) - 3. What is the tens digit of d*15 + (-12)/6?
0
Let c be (-10)/(6/3 - 0). Let i(j) = -11*j - 10. What is the tens digit of i(c)?
4
Suppose 0 = 2*f - a + 6, 0 = 2*f - 2*a + 10. What is the units digit of f/2 + 966/12?
0
Let k(x) = x**3 + 2*x**2 + 3*x + 2. Let h be k(-2). Let i = 28 + h. Suppose -3*u - 4*q + 7 = -i, 0 = 5*u + 5*q - 50. What is the units digit of u?
9
Let x = 29 + -56. What is the units digit of 6 - x - (-4 + 2)?
5
Suppose -3*a + 9 = 3*y, 9 = 4*a + y - 3. Suppose 3*h + 3*s - 87 = 0, s - 4 + a = 0. Let d = h - 8. What is the tens digit of d?
2
Suppose 5*s - 40 = -5*z, 0*z - 4*z - 3*s = -30. What is the tens digit of 36*(2/z)/(30/135)?
5
Let o = 307 + -156. What is the tens digit of o?
5
Suppose 57878 = 58*o - 134856. What is the thousands digit of o?
3
Let o = 11 + 37. Let t be 6/(-8) - (-276)/o. Suppose t*f = 4*g - 53, -3*f - f = -4*g + 52. What is the tens digit of g?
1
What is the hundreds digit of ((-4)/(-6))/((-28)/(-167496))?
9
Let y(v) = 148*v**2 + 14*v + 13. What is the units digit of y(-2)?
7
Suppose 9*m = 11*m. Suppose z + 4*y - 36 = m, -4*y = 3*z - 8*z + 180. What is the units digit of z?
6
Suppose -13*a + 17925 = 1753. What is the hundreds digit of a?
2
Suppose -10*y - 6855 = -15*y. What is the tens digit of y/21 - 4/14?
6
Suppose 0 = 8*q + 505 + 103. Let z = 54 - q. What is the hundreds digit of z?
1
Suppose 259 = -6*p + 1795. Suppose j + p = 9*j. What is the units digit of j?
2
Let n(o) = 78*o**2 + 16*o - 138. What is the thousands digit of n(6)?
2
Let f(d) = 4*d**2 - 77*d + 111. What is the tens digit of f(30)?
0
Let a(x) = 16 - 14*x - 7 + 8 - 3*x**2 + 4*x**2. What is the tens digit of a(18)?
8
Let z(k) = 20*k + 223. What is the tens digit of z(39)?
0
What is the thousands digit of (-9)/6 + 2217/2?
1
Suppose 0 = 5*s + 3*g - 108, 4*s + 3*g - 92 = 2*g. Let h = 40 + s. What is the units digit of h?
4
What is the tens digit of (31/(-62))/(2769/(-1384) - -2)?
9
Let y(p) = 4*p**3 + 1. Let b be y(-1). Let r(z) = 3*z**2 + z + 1. Let m be r(b). Suppose 105 = -2*a + 7*a + v, 5*v = -m. What is the tens digit of a?
2
Suppose 5*s - 4*s = 1. Let w(k) = 200*k**2 + 4*k - 3. What is the tens digit of w(s)?
0
Suppose 99 = -3*j + 2*n - 115, 3*n = -j - 64. Let d = -386 + 269. Let i = j - d. What is the units digit of i?
7
Let s = 6774 - 3299. What is the units digit of s?
5
Let m(n) = 4 + 0 - 6 + 4*n + 3. Let z be (-72)/(-16) - (-2)/(-4). What is the units digit of m(z)?
7
Let c(y) = 72*y**3 + 2*y**2 - 3*y + 2. What is the units digit of c(1)?
3
Let j be 1 - 0 - -105*(-1)/(-1). Suppose 3*l - 4*r + 2 - 161 = 0, -2*l + j = -2*r. What is the units digit of l?
3
Let w = 2 + 16. Let x = 22 - w. What is the units digit of x?
4
Let i be (6/9)/(4/42). What is the tens digit of 14/i - 168/(-2)?
8
Let k = -5 + 25. What is the hundreds digit of 1 + 130 - 4/k*5?
1
Suppose -493 = -3*l + 4*y + 571, -5*l - y = -1781. What is the tens digit of l?
5
Let q be -8 + (-1 - 9/(-3)). What is the units digit of (q - -11) + -4*1?
1
Let c(l) = 55*l - 6. Let o(a) = 27*a - 3. Let w(f) = -6*c(f) + 13*o(f). Suppose -32*q + 30*q - 4*y = 6, 4*q + 3 = -5*y. What is the units digit of w(q)?
0
Suppose 26 = 4*s + k - 518, 5*k = 0. What is the units digit of s?
6
Let q = 506 + -254. Suppose -4*f + q = 5*j, -f + 4*f = j + 189. What is the units digit of f?
3
Suppose -b + 4*d = -21, 2*b + 2 = 4*b + 2*d. Suppose -u = -3*y - 147, -687 = -b*u + 5*y - 2*y. What is the tens digit of u?
3
Suppose 5*j = p + 10*j - 915, -4*p + 4*j + 3780 = 0. What is the units digit of p?
0
Let h = 17 + -14. Let q be (h/12)/(5/(-20)). Let s = q - -6. What is the units digit of s?
5
Suppose -5*n + 5*c + 19 = -8*n, 0 = c + 2. Let d(a) = 2*a**3 - 4*a**2 - a - 4. Let h be d(n). Let k = -62 - h. What is the units digit of k?
9
Let n(y) = y. Let q(o) = -7*o + 3*o - 7*o. Let r(t) = -6*n(t) - q(t). What is the tens digit of r(5)?
2
Let r be (-1)/4 - ((-50)/8 + 4). Suppose -r*y + 274 = y + f, -4*y - f = -367. What is the units digit of y?
3
Let m be (1 + 1)*(-48)/4. Let y be (-1300)/(-24) - (-4)/m. Let j = y - 20. What is the units digit of j?
4
What is the thousands digit of (8 - 6) + (2 - (-1004)/1)?
1
Let a = 21 - 12. Let n(w) = -10*w + a*w - 6 + 4. What is the units digit of n(-8)?
6
Suppose 0 = 4*d - 356 + 8. What is the tens digit of d?
8
Let d(c) = c**3 + 6*c**2 + 7. Let p be d(-6). Suppose 2 = 3*v - p. Suppose -2*w = -v*q + 54, 7 = 2*q + 4*w - 29. What is the tens digit of q?
1
Suppose 2*s = 168 - 6. Suppose -49 - s = -5*b. Let t = b - 9. What is the units digit of t?
7
Let q(f) = 5*f**3 - 3*f + 8. Let z be q(4). Let g = -10 + 5. What is the tens digit of (-2)/g + z/10?
3
Suppose 0 = 7*p - 4217 + 1011. Let g = -222 + p. What is the hundreds digit of g?
2
Let l(s) = -10*s**2 + s. Let j = 2 + -3. Let n be l(j). Let q = n + 15. What is the uni